{"id":6815,"date":"2025-01-27T09:57:48","date_gmt":"2025-01-27T09:57:48","guid":{"rendered":"https:\/\/duzceparkotel.com\/?page_id=6815"},"modified":"2025-02-14T20:06:24","modified_gmt":"2025-02-14T20:06:24","slug":"kalite-politika","status":"publish","type":"page","link":"https:\/\/duzceparkotel.com\/index.php\/kalite-politika\/","title":{"rendered":"Kalite Politikam\u0131z"},"content":{"rendered":"\t\t<div data-elementor-type=\"wp-post\" data-elementor-id=\"6815\" class=\"elementor elementor-6815\">\n\t\t\t\t\t\t<section class=\"elementor-section elementor-top-section elementor-element elementor-element-77ab81e elementor-section-boxed elementor-section-height-default elementor-section-height-default\" data-id=\"77ab81e\" data-element_type=\"section\" data-settings=\"{&quot;background_background&quot;:&quot;classic&quot;}\">\n\t\t\t\t\t\t\t<div class=\"elementor-background-overlay\"><\/div>\n\t\t\t\t\t\t\t<div class=\"elementor-container elementor-column-gap-default\">\n\t\t\t\t\t<div class=\"elementor-column elementor-col-100 elementor-top-column elementor-element elementor-element-e001978\" data-id=\"e001978\" data-element_type=\"column\">\n\t\t\t<div class=\"elementor-widget-wrap elementor-element-populated\">\n\t\t\t\t\t\t<div class=\"elementor-element elementor-element-90aed16 elementor-widget elementor-widget-heading\" data-id=\"90aed16\" data-element_type=\"widget\" data-widget_type=\"heading.default\">\n\t\t\t\t<div class=\"elementor-widget-container\">\n\t\t\t\t\t<h2 class=\"elementor-heading-title elementor-size-default\">Kalite Politikam\u0131z<\/h2>\t\t\t\t<\/div>\n\t\t\t\t<\/div>\n\t\t\t\t\t<\/div>\n\t\t<\/div>\n\t\t\t\t\t<\/div>\n\t\t<\/section>\n\t\t<div class=\"elementor-element elementor-element-640f0af e-con-full e-flex e-con e-parent\" data-id=\"640f0af\" data-element_type=\"container\">\n\t\t<div class=\"elementor-element elementor-element-63e13d0 e-con-full e-flex e-con e-child\" data-id=\"63e13d0\" data-element_type=\"container\">\n\t\t\t\t<div class=\"elementor-element elementor-element-489c210 elementor-widget elementor-widget-text-editor\" data-id=\"489c210\" data-element_type=\"widget\" data-widget_type=\"text-editor.default\">\n\t\t\t\t<div class=\"elementor-widget-container\">\n\t\t\t\t\t\t\t\t\t<p>\u00a0<\/p><p><strong>Park Otel<\/strong>\u00a0olarak, misafirlerimize sundu\u011fumuz hizmetlerin kalitesini en \u00fcst d\u00fczeye \u00e7\u0131karmak ve beklentilerini a\u015fmak en temel ilkemizdir. 30 y\u0131ll\u0131k deneyimimizle, konuklar\u0131m\u0131z\u0131n rahatl\u0131\u011f\u0131, memnuniyeti ve g\u00fcvenli\u011fi i\u00e7in s\u00fcrekli olarak geli\u015fme hedefindeyiz.<\/p><h1><strong>Kalite Hedeflerimiz<\/strong><\/h1><p><strong>M\u00fc\u015fteri Memnuniyeti:<\/strong> Misafirlerimizin ihtiya\u00e7lar\u0131n\u0131 anlamak ve onlara ki\u015fiselle\u015ftirilmi\u015f hizmet sunmak \u00f6nceli\u011fimizdir. Her de\u011ferlendirme ve geri bildirim, hizmet kalitemizi art\u0131rma yolunda bizim i\u00e7in bir f\u0131rsatt\u0131r.<\/p><p><strong>E\u011fitim ve Geli\u015fim:<\/strong> T\u00fcm \u00e7al\u0131\u015fanlar\u0131m\u0131z\u0131n profesyonel geli\u015fimini destekliyor, d\u00fczenli e\u011fitim programlar\u0131 ile sekt\u00f6r standartlar\u0131na uygun bilgi birikimi sa\u011fl\u0131yoruz. Ekip arkada\u015flar\u0131m\u0131zla birlikte \u00e7al\u0131\u015farak ortak hedeflere ula\u015fmay\u0131 ama\u00e7l\u0131yoruz.<\/p><p><strong>Hizmet S\u00fcreklili\u011fi:<\/strong> Hizmet kalitemizin s\u00fcreklili\u011fini sa\u011flamak amac\u0131yla; temizlikten beslenmeye kadar her alanda belirledi\u011fimiz y\u00fcksek standartlara ba\u011fl\u0131 kal<\/p>\t\t\t\t\t\t\t\t<\/div>\n\t\t\t\t<\/div>\n\t\t\t\t<\/div>\n\t\t\t\t<\/div>\n\t\t\t\t<\/div>\n\t\t","protected":false},"excerpt":{"rendered":"<p>Kalite Politikam\u0131z \u00a0 Park Otel\u00a0olarak, misafirlerimize sundu\u011fumuz hizmetlerin kalitesini en \u00fcst d\u00fczeye \u00e7\u0131karmak ve beklentilerini a\u015fmak en temel ilkemizdir. 30 y\u0131ll\u0131k deneyimimizle, konuklar\u0131m\u0131z\u0131n rahatl\u0131\u011f\u0131, memnuniyeti ve g\u00fcvenli\u011fi i\u00e7in s\u00fcrekli olarak geli\u015fme hedefindeyiz. Kalite Hedeflerimiz M\u00fc\u015fteri Memnuniyeti: Misafirlerimizin ihtiya\u00e7lar\u0131n\u0131 anlamak ve onlara ki\u015fiselle\u015ftirilmi\u015f hizmet sunmak \u00f6nceli\u011fimizdir. Her de\u011ferlendirme ve geri bildirim, hizmet kalitemizi art\u0131rma yolunda bizim [&hellip;]<\/p>\n","protected":false},"author":1,"featured_media":0,"parent":0,"menu_order":0,"comment_status":"closed","ping_status":"closed","template":"elementor_header_footer","meta":{"footnotes":""},"class_list":["post-6815","page","type-page","status-publish","hentry"],"_links":{"self":[{"href":"https:\/\/duzceparkotel.com\/index.php\/wp-json\/wp\/v2\/pages\/6815","targetHints":{"allow":["GET"]}}],"collection":[{"href":"https:\/\/duzceparkotel.com\/index.php\/wp-json\/wp\/v2\/pages"}],"about":[{"href":"https:\/\/duzceparkotel.com\/index.php\/wp-json\/wp\/v2\/types\/page"}],"author":[{"embeddable":true,"href":"https:\/\/duzceparkotel.com\/index.php\/wp-json\/wp\/v2\/users\/1"}],"replies":[{"embeddable":true,"href":"https:\/\/duzceparkotel.com\/index.php\/wp-json\/wp\/v2\/comments?post=6815"}],"version-history":[{"count":16,"href":"https:\/\/duzceparkotel.com\/index.php\/wp-json\/wp\/v2\/pages\/6815\/revisions"}],"predecessor-version":[{"id":7002,"href":"https:\/\/duzceparkotel.com\/index.php\/wp-json\/wp\/v2\/pages\/6815\/revisions\/7002"}],"wp:attachment":[{"href":"https:\/\/duzceparkotel.com\/index.php\/wp-json\/wp\/v2\/media?parent=6815"}],"curies":[{"name":"wp","href":"https:\/\/api.w.org\/{rel}","templated":true}]}}